 (-4)/(-6)). Suppose -2*u = -3*w - 9, -i*w + 0 = -3*u + 14. What is the remainder when 21 is divided by u?
3
Suppose -26*s + 1032 = 18. What is the remainder when s is divided by 15?
9
Suppose -128 = 5*p + 122. Let h be 60/p*(-110)/4. Suppose 0 = 2*k + k - h. Calculate the remainder when 19 is divided by k.
8
Suppose -a + 417 = 397. Calculate the remainder when 56 is divided by a.
16
Let d = 12 + -9. Suppose -3*x + 6 + 3 = 0, 5*t - 19 = -d*x. Let y = t - -9. What is the remainder when 41 is divided by y?
8
Let c(r) = 59*r**2 + 4*r + 5. What is the remainder when c(-2) is divided by 78?
77
Let d(p) = 5*p + 4. Let w(z) = 6*z + 4. Let v(k) = -3*d(k) + 2*w(k). Let l be v(-3). Suppose 0 = n - 16 - l. Calculate the remainder when 83 is divided by n.
20
Suppose 0 = y - 75 - 2. Calculate the remainder when y is divided by 19.
1
Let l = 66 + -49. Let x = -8 - -16. Calculate the remainder when l is divided by x.
1
Suppose -9*f = -10*f + 6. Suppose -2*k - 16 = -f*k. Suppose 10 = k*d - 34. What is the remainder when 32 is divided by d?
10
Let v = 372 - 342. Calculate the remainder when 40 is divided by v.
10
Let m be 1/(-3)*-7 - (-61)/(-183). Suppose 0 = 2*j + j, 12 = m*i - 4*j. Suppose 0*y = -3*y + 30. Calculate the remainder when y is divided by i.
4
Let l = 65 + -61. Suppose -l*c + c = -153. What is the remainder when 253 is divided by c?
49
Let r = -844 + 1015. Calculate the remainder when r is divided by 61.
49
Let q(a) = -236*a**2 + 4*a - 4. Let h be q(1). Let g(o) = -6*o**2 - 9*o - 2. Let w be g(-6). Let j = w - h. What is the remainder when j is divided by 25?
22
Let x = 693 - 670. What is the remainder when x is divided by 15?
8
Let b(j) = j**2 + 5*j + 1. Let y(w) be the second derivative of w**3/2 + 3*w**2 - 8*w. Let x be y(-5). Calculate the remainder when b(x) is divided by 10.
7
Let o = 404 - 143. Suppose 3*j + 11*y - 6*y = o, -5*j - 5*y + 425 = 0. What is the remainder when j is divided by 2/(-6) - 364/(-21)?
14
Let o(d) = -d**2 + 6*d - 9. Let q be o(3). Suppose 3*w + 0*w - 30 = q. Calculate the remainder when 29 is divided by w.
9
Suppose 8*w - 690 = 3*w. Suppose 5*a - 196 + 56 = 0. Calculate the remainder when w is divided by a.
26
Suppose 16*m = -m + 527. Calculate the remainder when 277 is divided by m.
29
Let w be (3/2 - 0)*2. Let j(x) = x**2 - 2*x + 2. Let y be j(w). Suppose -2*a + 50 = y*d - 3*a, -d + 2*a + 1 = 0. Calculate the remainder when d is divided by 3.
2
Let r(m) = -7*m - 73. Let s = -17 - -29. Suppose -4*y - s = -6*y. Calculate the remainder when r(-12) is divided by y.
5
Let p = 11 - 7. Suppose 2*f + 0*f = 2*g - 10, -p*g = 2*f - 26. Let j(w) = 4*w**3 - 88*w**2 + 4*w - 71. Calculate the remainder when j(22) is divided by g.
5
Suppose -70 = -5*u + 5*c, 20 + 4 = u + 4*c. Calculate the remainder when (12 + -12 - 9) + 39 is divided by u.
14
Let g(x) = 2*x**3 - 23*x**2 + 10*x + 11. Let f be g(11). Suppose 7*d + 8*d - 225 = f. Calculate the remainder when 26 is divided by d.
11
Let a(q) = 4*q**2 + 4*q + 23. Let f(s) = s**2 + 1. Let c(v) = -a(v) + 6*f(v). Let h be c(6). Let y = h + -25. Calculate the remainder when 11 is divided by y.
5
Let p be 2 + -4 - (-3 - -228). Let o = p + 393. What is the remainder when o is divided by 24?
22
Let k(o) = o**3 + 10*o**2 + 22*o - 1. What is the remainder when 73 is divided by k(-6)?
7
Let y(i) = -3*i + 1. Let w be (3 - 2) + 0 + -4. What is the remainder when y(w) is divided by 8?
2
Let o(c) = c**2 - c + 5. Calculate the remainder when o(-9) is divided by 7 + 0*(3/2)/(-3).
4
Let j(o) = -o**3 - 12*o**2 - 15*o - 14. Let x be 27/(-36) + 27/4. Let g = x + -17. Calculate the remainder when j(g) is divided by 8.
6
Suppose 4*s - 32 = -17*d + 15*d, d = 3*s - 24. Calculate the remainder when 79 is divided by s.
7
Let g(k) = -19*k - 11. Let d be g(-8). Let u be 108 - (-1)/(-1)*-1. Suppose -4*h + 5*z = -d, -z - 5 = -3*h + u. What is the remainder when h is divided by 14?
11
Let r = -104 - -125. Calculate the remainder when 186 is divided by r.
18
Suppose -3*i = -3 - 21. Suppose 3*q - 4*q = i. Let p = q - -27. Calculate the remainder when 74 is divided by p.
17
Let z = -614 + 669. What is the remainder when z is divided by 19?
17
Let i(h) be the third derivative of 11*h**2 - 2/3*h**4 - 2/3*h**3 + 0*h + 0 - 4/15*h**5 - 1/120*h**6. Calculate the remainder when i(-15) is divided by 4.
3
Suppose 4*b = 3*f - 7 + 58, -5 = f. Suppose n + 3*i + 4 = 0, b*i = 3*n + 4*i + 82. Let h = n - -22. Calculate the remainder when h is divided by 1.
0
Let j(i) = 9*i - 3*i**2 + 2*i**2 + 21 - 16. What is the remainder when 72 is divided by j(7)?
15
Suppose a = -5*v + 14 - 34, -4 = -2*v + 2*a. What is the remainder when 25 is divided by (1/(v/9))/((-9)/21)?
4
Suppose 2 - 12 = -2*d. Suppose 3*p = d*o - 669, p = 2*o - 0*p - 267. Calculate the remainder when (3/(-9))/((-2)/o) is divided by 6.
4
Let n(d) = 7*d**2 + 8*d + 1. Let c(t) = 4*t**2 + 4*t. Let f(b) = -5*c(b) + 3*n(b). Calculate the remainder when 44 is divided by f(-6).
14
Let o = -565 - -606. Calculate the remainder when o is divided by 24.
17
Suppose -5*z + 185 = 5*x, 3*x = -4*z + 2*z + 75. Let q(y) = y**2 - 5*y - 2. Let j be q(5). What is the remainder when z is divided by (-28)/j + (-3)/3?
10
Let d = -5 + 10. Suppose d*p + 3*i = 35, -3*p + i = -0*i - 35. Let q = 3 + p. What is the remainder when 63 is divided by q?
11
Suppose -5*a + 2801 - 2661 = 0. Let m = -6 + 16. Calculate the remainder when a is divided by m.
8
Suppose -3*x + 44 = -x - 2*i, -5*i = -3*x + 68. What is the remainder when 76 is divided by x?
13
Let n = -293 + 312. What is the remainder when 45 is divided by n?
7
Let a = -72 - -86. Suppose 3*c - a*c + 715 = 0. What is the remainder when c is divided by 11?
10
Let b be 6 - 12/(16/4). Let r be 7 + (b - -4 - 3). Suppose 26 = -r*p + 13*p. Calculate the remainder when 25 is divided by p.
12
Suppose 264 = 4*q + 64. Calculate the remainder when q is divided by (7 - 5)*11/2.
6
Suppose -168 = -68*t + 60*t. What is the remainder when 137 is divided by t?
11
Let b(l) = l**3 + 16*l**2 + 11*l - 37. Calculate the remainder when b(-10) is divided by 91.
89
Let t = 23 + 47. Suppose -5*z + 2*c + t = -3*c, -2*c = -5*z + 55. Suppose -z*m + m + 104 = 0. What is the remainder when 64 is divided by m?
12
Suppose -2*v + 4*c = 2*c, -4*c = -20. What is the remainder when 149 is divided by 27 - (-5 + (v - 3))?
29
What is the remainder when ((-22)/4)/(((-17)/16)/17) is divided by 10?
8
Suppose 17998 - 3658 = 30*o. What is the remainder when o is divided by 32?
30
Let z = 554 + -261. Let x = z - 209. Calculate the remainder when x is divided by 17.
16
Let c = 1319 + -849. What is the remainder when c is divided by 79?
75
Suppose 5*i - 16 = -1. Calculate the remainder when 44 is divided by (6 - (1 - i))/(9/18).
12
Let v(p) = 2*p + 28. Let l be v(6). Suppose 4*y - 2*y = l. Calculate the remainder when 163/3 - 2/(-3) is divided by y.
15
Suppose 2*x + 13 - 37 = 0. Calculate the remainder when (-1*(-1)/(-1))/(13/(-936)*6) is divided by x.
0
Suppose -3*w + 0*w = -357. Let i(j) = -j**2 + 3*j + 115. Calculate the remainder when w is divided by i(9).
58
Suppose 3*a + 3*h - 24 = 0, -4*a + 0*h = 5*h - 28. Suppose j + 246 = -5*j. Let d = j - -63. Calculate the remainder when d is divided by a.
10
Let a(k) = -16*k - 392. Calculate the remainder when a(-28) is divided by 41.
15
Suppose 4*b - 9*b - 58 = k, -5*k = -10. Calculate the remainder when 30 - (b/(-3) - 4) is divided by 11.
8
Suppose 2*z = 4*z - 34. Let t be -1 + -2 + 35 + -3. Suppose -t*w + 27*w + 10 = 0. What is the remainder when z is divided by w?
2
Let j = 401 - 387. What is the remainder when 24 is divided by j?
10
Let n(l) = 12*l + 76. Calculate the remainder when 138 is divided by n(-6).
2
Let s(x) = 9*x**2 + 40*x - 23. Calculate the remainder when 256 is divided by s(-7).
118
Suppose -c + 71 + 39 = 0. Calculate the remainder when c is divided by 27.
2
Let l = 207 + -421. Let o be 1 - 1*l/2. Suppose -3*w = -57 - o. Calculate the remainder when w is divided by 8.
7
Let j(u) = -u**2 + 5*u - 1. Let z be j(2). Suppose 0*f + 2*d + 132 = z*f, -f + 25 = d. Calculate the remainder when f is divided by 7.
5
What is the remainder when 1 - -2 - (-37224)/99 is divided by 101?
76
Let n(z) = 99*z + 240. What is the remainder when 170 is divi